{"id":15,"date":"2019-07-28T13:19:51","date_gmt":"2019-07-28T13:19:51","guid":{"rendered":"http:\/\/gedichteschreiberin.de\/?page_id=15"},"modified":"2019-12-04T20:55:35","modified_gmt":"2019-12-04T20:55:35","slug":"gedichte","status":"publish","type":"page","link":"https:\/\/gedichteschreiberin.de\/?page_id=15","title":{"rendered":"Gedichte"},"content":{"rendered":"\n<p>Hier findet ihr Gedichte zu den verschiedensten Themen, die mich bewegen. Manche sind ganz aktuell, manche schon \u00e4lter und doch sind alles &#8222;Herzensworte&#8220;.  <\/p>\n\n\n\n<p>Einige Gedichte entstanden als Antwort, auf Fragen, die man \u00f6fter gestellt bekommt, andere wiederum wurden direkt aus der Seele &#8222;rausgeschrie(n)ben&#8220; und manche hat mir Gott ins Herz gelegt. <\/p>\n\n\n\n<p>Ich w\u00fcnsche mir, dass all diese geschriebenen Worte euch im Herzen ber\u00fchren, erfreuen, ermutigen, befreien, zum Nachdenken anregen und etwas ver\u00e4ndern, etwas bewegen. <\/p>\n\n\n\n<p>Ich bete, dass GOTT durch die Gedichte zu euch spricht,<br>dass seine heilende Wahrheit durchbricht,<br>ER ist die Liebe, ER ist das Licht,<br>ohne IHN h\u00e4tte ich diese &#8222;Gabe&#8220; nicht. <\/p>\n","protected":false},"excerpt":{"rendered":"<p>Hier findet ihr Gedichte zu den verschiedensten Themen, die mich bewegen. Manche sind ganz aktuell, manche schon \u00e4lter und doch sind alles &#8222;Herzensworte&#8220;. Einige Gedichte entstanden als Antwort, auf Fragen, die man \u00f6fter gestellt bekommt, andere wiederum wurden direkt aus der Seele &#8222;rausgeschrie(n)ben&#8220; und manche hat mir Gott ins Herz gelegt. Ich w\u00fcnsche mir, dass&hellip;<\/p>\n","protected":false},"author":1,"featured_media":0,"parent":0,"menu_order":0,"comment_status":"closed","ping_status":"closed","template":"","meta":{"footnotes":""},"class_list":["post-15","page","type-page","status-publish","hentry"],"_links":{"self":[{"href":"https:\/\/gedichteschreiberin.de\/index.php?rest_route=\/wp\/v2\/pages\/15","targetHints":{"allow":["GET"]}}],"collection":[{"href":"https:\/\/gedichteschreiberin.de\/index.php?rest_route=\/wp\/v2\/pages"}],"about":[{"href":"https:\/\/gedichteschreiberin.de\/index.php?rest_route=\/wp\/v2\/types\/page"}],"author":[{"embeddable":true,"href":"https:\/\/gedichteschreiberin.de\/index.php?rest_route=\/wp\/v2\/users\/1"}],"replies":[{"embeddable":true,"href":"https:\/\/gedichteschreiberin.de\/index.php?rest_route=%2Fwp%2Fv2%2Fcomments&post=15"}],"version-history":[{"count":4,"href":"https:\/\/gedichteschreiberin.de\/index.php?rest_route=\/wp\/v2\/pages\/15\/revisions"}],"predecessor-version":[{"id":102,"href":"https:\/\/gedichteschreiberin.de\/index.php?rest_route=\/wp\/v2\/pages\/15\/revisions\/102"}],"wp:attachment":[{"href":"https:\/\/gedichteschreiberin.de\/index.php?rest_route=%2Fwp%2Fv2%2Fmedia&parent=15"}],"curies":[{"name":"wp","href":"https:\/\/api.w.org\/{rel}","templated":true}]}}